{"id":1484,"date":"2025-10-23T00:01:27","date_gmt":"2025-10-23T03:01:27","guid":{"rendered":"https:\/\/fundacionicolas.org\/?page_id=1484"},"modified":"2025-10-23T16:03:54","modified_gmt":"2025-10-23T19:03:54","slug":"ola-de-luz-2025","status":"publish","type":"page","link":"https:\/\/fundacionicolas.org\/?page_id=1484","title":{"rendered":"Ola de Luz 2025"},"content":{"rendered":"\n<h2 class=\"wp-block-heading\">\ud83c\udf19 Ola de Luz 2025<\/h2>\n\n\n\n<h3 class=\"wp-block-heading\">Honramos la vida, encendemos el amor<\/h3>\n\n\n\n<p class=\"has-text-align-left\">Cada 15 de octubre, desde diferentes rincones del Ecuador, las familias se unen a la <strong>Ola de Luz<\/strong>, un momento lleno de amor y esperanza para recordar a los beb\u00e9s que partieron demasiado pronto.<br>Este 2025, <strong>Fundaci\u00f3n Nicol\u00e1s<\/strong> acompa\u00f1\u00f3 y organiz\u00f3 conmemoraciones en varias provincias del pa\u00eds, donde madres, padres, profesionales de la salud y comunidades encendieron una vela, elevaron un globo o simplemente hicieron una pausa para decir: <em>\u201cTu memoria vive en nosotros.\u201d<\/em><\/p>\n\n\n\n<p>La <strong>Ola de Luz 2025<\/strong> no fue solo un evento; fue un abrazo colectivo, una oportunidad para transformar el dolor en amor y reafirmar que nadie vive este camino en soledad.<\/p>\n\n\n\n<h2 class=\"wp-block-heading has-text-align-center\"><strong>\ud83d\udc9c Quito<\/strong><\/h2>\n\n\n\n<h2 class=\"wp-block-heading has-text-align-center\"><strong>Cl\u00ednica de la Mujer y la Familia<\/strong><\/h2>\n\n\n\n<p>El mi\u00e9rcoles 15 de octubre vivimos una jornada muy especial con el evento <strong>\u201cPedalea con el Coraz\u00f3n\u201d<\/strong>.<br>Ciclistas y familias recorrieron la ciudad desde la <strong>Cl\u00ednica de la Mujer y la Familia<\/strong>, ubicada en la Av. Amazonas y Gaspar de Villarroel, hasta el <strong>Arco del Parque El Ejido<\/strong>, donde todos juntos alzamos nuestras voces y corazones en honor a los beb\u00e9s que partieron muy pronto.<\/p>\n\n\n\n<figure class=\"wp-block-image size-large\"><img loading=\"lazy\" decoding=\"async\" width=\"768\" height=\"1024\" src=\"https:\/\/fundacionicolas.org\/wp-content\/uploads\/2025\/10\/WhatsApp-Image-2025-10-22-at-10.51.46-768x1024.jpeg\" alt=\"\" class=\"wp-image-1489\" srcset=\"https:\/\/fundacionicolas.org\/wp-content\/uploads\/2025\/10\/WhatsApp-Image-2025-10-22-at-10.51.46-768x1024.jpeg 768w, https:\/\/fundacionicolas.org\/wp-content\/uploads\/2025\/10\/WhatsApp-Image-2025-10-22-at-10.51.46-225x300.jpeg 225w, https:\/\/fundacionicolas.org\/wp-content\/uploads\/2025\/10\/WhatsApp-Image-2025-10-22-at-10.51.46-1152x1536.jpeg 1152w, https:\/\/fundacionicolas.org\/wp-content\/uploads\/2025\/10\/WhatsApp-Image-2025-10-22-at-10.51.46-350x467.jpeg 350w, https:\/\/fundacionicolas.org\/wp-content\/uploads\/2025\/10\/WhatsApp-Image-2025-10-22-at-10.51.46.jpeg 1200w\" sizes=\"(max-width: 767px) 89vw, (max-width: 1000px) 54vw, (max-width: 1071px) 543px, 580px\" \/><\/figure>\n\n\n\n<div class=\"wp-block-media-text is-stacked-on-mobile\"><figure class=\"wp-block-media-text__media\"><img loading=\"lazy\" decoding=\"async\" width=\"768\" height=\"1024\" src=\"https:\/\/fundacionicolas.org\/wp-content\/uploads\/2025\/10\/WhatsApp-Image-2025-10-22-at-10.51.45-2-768x1024.jpeg\" alt=\"\" class=\"wp-image-1490 size-full\" srcset=\"https:\/\/fundacionicolas.org\/wp-content\/uploads\/2025\/10\/WhatsApp-Image-2025-10-22-at-10.51.45-2-768x1024.jpeg 768w, https:\/\/fundacionicolas.org\/wp-content\/uploads\/2025\/10\/WhatsApp-Image-2025-10-22-at-10.51.45-2-225x300.jpeg 225w, https:\/\/fundacionicolas.org\/wp-content\/uploads\/2025\/10\/WhatsApp-Image-2025-10-22-at-10.51.45-2-1152x1536.jpeg 1152w, https:\/\/fundacionicolas.org\/wp-content\/uploads\/2025\/10\/WhatsApp-Image-2025-10-22-at-10.51.45-2-350x467.jpeg 350w, https:\/\/fundacionicolas.org\/wp-content\/uploads\/2025\/10\/WhatsApp-Image-2025-10-22-at-10.51.45-2.jpeg 1200w\" sizes=\"(max-width: 767px) 89vw, (max-width: 1000px) 54vw, (max-width: 1071px) 543px, 580px\" \/><\/figure><div class=\"wp-block-media-text__content\">\n<p><\/p>\n\n\n\n<figure class=\"wp-block-image size-large\"><img loading=\"lazy\" decoding=\"async\" width=\"1024\" height=\"574\" src=\"https:\/\/fundacionicolas.org\/wp-content\/uploads\/2025\/10\/WhatsApp-Image-2025-10-22-at-10.50.40-1-1024x574.jpeg\" alt=\"\" class=\"wp-image-1491\" srcset=\"https:\/\/fundacionicolas.org\/wp-content\/uploads\/2025\/10\/WhatsApp-Image-2025-10-22-at-10.50.40-1-1024x574.jpeg 1024w, https:\/\/fundacionicolas.org\/wp-content\/uploads\/2025\/10\/WhatsApp-Image-2025-10-22-at-10.50.40-1-300x168.jpeg 300w, https:\/\/fundacionicolas.org\/wp-content\/uploads\/2025\/10\/WhatsApp-Image-2025-10-22-at-10.50.40-1-768x430.jpeg 768w, https:\/\/fundacionicolas.org\/wp-content\/uploads\/2025\/10\/WhatsApp-Image-2025-10-22-at-10.50.40-1-350x196.jpeg 350w, https:\/\/fundacionicolas.org\/wp-content\/uploads\/2025\/10\/WhatsApp-Image-2025-10-22-at-10.50.40-1.jpeg 1280w\" sizes=\"(max-width: 767px) 89vw, (max-width: 1000px) 54vw, (max-width: 1071px) 543px, 580px\" \/><\/figure>\n<\/div><\/div>\n\n\n\n<figure class=\"wp-block-image size-large\"><img loading=\"lazy\" decoding=\"async\" width=\"1024\" height=\"576\" src=\"https:\/\/fundacionicolas.org\/wp-content\/uploads\/2025\/10\/ARCO--1024x576.jpeg\" alt=\"\" class=\"wp-image-1492\" srcset=\"https:\/\/fundacionicolas.org\/wp-content\/uploads\/2025\/10\/ARCO--1024x576.jpeg 1024w, https:\/\/fundacionicolas.org\/wp-content\/uploads\/2025\/10\/ARCO--300x169.jpeg 300w, https:\/\/fundacionicolas.org\/wp-content\/uploads\/2025\/10\/ARCO--768x432.jpeg 768w, https:\/\/fundacionicolas.org\/wp-content\/uploads\/2025\/10\/ARCO--350x197.jpeg 350w, https:\/\/fundacionicolas.org\/wp-content\/uploads\/2025\/10\/ARCO-.jpeg 1280w\" sizes=\"(max-width: 767px) 89vw, (max-width: 1000px) 54vw, (max-width: 1071px) 543px, 580px\" \/><figcaption class=\"wp-element-caption\">Parque el Ejido Arco de la Circasiana<\/figcaption><\/figure>\n\n\n\n<p>En la Cl\u00ednica de la Mujer tambi\u00e9n se realiz\u00f3 la <strong>Ola de Luz<\/strong>, iluminando sus instalaciones y conmemorando a cada mam\u00e1 y pap\u00e1 en duelo. Globos blancos se elevaron al cielo como s\u00edmbolo de amor eterno y esperanza.<\/p>\n\n\n\n<figure class=\"wp-block-image size-large\"><img loading=\"lazy\" decoding=\"async\" width=\"768\" height=\"1024\" src=\"https:\/\/fundacionicolas.org\/wp-content\/uploads\/2025\/10\/WhatsApp-Image-2025-10-22-at-10.51.45-768x1024.jpeg\" alt=\"\" class=\"wp-image-1493\" srcset=\"https:\/\/fundacionicolas.org\/wp-content\/uploads\/2025\/10\/WhatsApp-Image-2025-10-22-at-10.51.45-768x1024.jpeg 768w, https:\/\/fundacionicolas.org\/wp-content\/uploads\/2025\/10\/WhatsApp-Image-2025-10-22-at-10.51.45-225x300.jpeg 225w, https:\/\/fundacionicolas.org\/wp-content\/uploads\/2025\/10\/WhatsApp-Image-2025-10-22-at-10.51.45-1152x1536.jpeg 1152w, https:\/\/fundacionicolas.org\/wp-content\/uploads\/2025\/10\/WhatsApp-Image-2025-10-22-at-10.51.45-350x467.jpeg 350w, https:\/\/fundacionicolas.org\/wp-content\/uploads\/2025\/10\/WhatsApp-Image-2025-10-22-at-10.51.45.jpeg 1200w\" sizes=\"(max-width: 767px) 89vw, (max-width: 1000px) 54vw, (max-width: 1071px) 543px, 580px\" \/><figcaption class=\"wp-element-caption\">Cl\u00ednica de la Mujer y la Familia<\/figcaption><\/figure>\n\n\n\n<figure class=\"wp-block-image size-large is-resized\"><img loading=\"lazy\" decoding=\"async\" width=\"768\" height=\"1024\" src=\"https:\/\/fundacionicolas.org\/wp-content\/uploads\/2025\/10\/WhatsApp-Image-2025-10-22-at-10.51.45-1-768x1024.jpeg\" alt=\"\" class=\"wp-image-1494\" style=\"width:674px;height:auto\" srcset=\"https:\/\/fundacionicolas.org\/wp-content\/uploads\/2025\/10\/WhatsApp-Image-2025-10-22-at-10.51.45-1-768x1024.jpeg 768w, https:\/\/fundacionicolas.org\/wp-content\/uploads\/2025\/10\/WhatsApp-Image-2025-10-22-at-10.51.45-1-225x300.jpeg 225w, https:\/\/fundacionicolas.org\/wp-content\/uploads\/2025\/10\/WhatsApp-Image-2025-10-22-at-10.51.45-1-1152x1536.jpeg 1152w, https:\/\/fundacionicolas.org\/wp-content\/uploads\/2025\/10\/WhatsApp-Image-2025-10-22-at-10.51.45-1-350x467.jpeg 350w, https:\/\/fundacionicolas.org\/wp-content\/uploads\/2025\/10\/WhatsApp-Image-2025-10-22-at-10.51.45-1.jpeg 1200w\" sizes=\"(max-width: 767px) 89vw, (max-width: 1000px) 54vw, (max-width: 1071px) 543px, 580px\" \/><\/figure>\n\n\n\n<h2 class=\"wp-block-heading has-text-align-center\"><strong>Secretar\u00eda de Salud del DMQ<\/strong><\/h2>\n\n\n\n<p>Fuimos invitados al <strong>Cineforo por el D\u00eda Internacional de las P\u00e9rdidas Gestacionales, Perinatales y Neonatales<\/strong>, organizado por la Secretar\u00eda de Salud.<br>Nuestro Director Ejecutivo particip\u00f3 como ponente, compartiendo el trabajo que realiza la Fundaci\u00f3n Nicol\u00e1s para acompa\u00f1ar a las familias y visibilizar el duelo perinatal en la sociedad.<\/p>\n\n\n\n<figure class=\"wp-block-image size-large\"><img loading=\"lazy\" decoding=\"async\" width=\"1024\" height=\"768\" src=\"https:\/\/fundacionicolas.org\/wp-content\/uploads\/2025\/10\/WhatsApp-Image-2025-10-13-at-14.34.21-1024x768.jpeg\" alt=\"\" class=\"wp-image-1496\" srcset=\"https:\/\/fundacionicolas.org\/wp-content\/uploads\/2025\/10\/WhatsApp-Image-2025-10-13-at-14.34.21-1024x768.jpeg 1024w, https:\/\/fundacionicolas.org\/wp-content\/uploads\/2025\/10\/WhatsApp-Image-2025-10-13-at-14.34.21-300x225.jpeg 300w, https:\/\/fundacionicolas.org\/wp-content\/uploads\/2025\/10\/WhatsApp-Image-2025-10-13-at-14.34.21-768x576.jpeg 768w, https:\/\/fundacionicolas.org\/wp-content\/uploads\/2025\/10\/WhatsApp-Image-2025-10-13-at-14.34.21-350x263.jpeg 350w, https:\/\/fundacionicolas.org\/wp-content\/uploads\/2025\/10\/WhatsApp-Image-2025-10-13-at-14.34.21.jpeg 1280w\" sizes=\"(max-width: 767px) 89vw, (max-width: 1000px) 54vw, (max-width: 1071px) 543px, 580px\" \/><\/figure>\n\n\n\n<h2 class=\"wp-block-heading has-text-align-center\"><strong>Hospital Pedi\u00e1trico Baca Ortiz<\/strong><\/h2>\n\n\n\n<p>Compartimos una ma\u00f1ana llena de significado junto al personal m\u00e9dico del \u00e1rea de neonatolog\u00eda.<br>Se realiz\u00f3 una <strong>lanzada de globos<\/strong> para recordar a cada beb\u00e9 que parti\u00f3 demasiado pronto, acompa\u00f1ada de palabras que reconfortaron el alma y reafirmaron el compromiso del hospital con el <strong>C\u00f3digo Mariposa<\/strong>.<\/p>\n\n\n\n<figure class=\"wp-block-image size-large\"><img loading=\"lazy\" decoding=\"async\" width=\"1024\" height=\"768\" src=\"https:\/\/fundacionicolas.org\/wp-content\/uploads\/2025\/10\/TODOS-1024x768.jpg\" alt=\"\" class=\"wp-image-1500\" srcset=\"https:\/\/fundacionicolas.org\/wp-content\/uploads\/2025\/10\/TODOS-1024x768.jpg 1024w, https:\/\/fundacionicolas.org\/wp-content\/uploads\/2025\/10\/TODOS-300x225.jpg 300w, https:\/\/fundacionicolas.org\/wp-content\/uploads\/2025\/10\/TODOS-768x576.jpg 768w, https:\/\/fundacionicolas.org\/wp-content\/uploads\/2025\/10\/TODOS-1536x1152.jpg 1536w, https:\/\/fundacionicolas.org\/wp-content\/uploads\/2025\/10\/TODOS-350x263.jpg 350w, https:\/\/fundacionicolas.org\/wp-content\/uploads\/2025\/10\/TODOS.jpg 2048w\" sizes=\"(max-width: 767px) 89vw, (max-width: 1000px) 54vw, (max-width: 1071px) 543px, 580px\" \/><figcaption class=\"wp-element-caption\">Hospital Pedi\u00e1trico Baca Ortiz <\/figcaption><\/figure>\n\n\n\n<p><\/p>\n\n\n\n<div class=\"wp-block-media-text is-stacked-on-mobile\"><figure class=\"wp-block-media-text__media\"><img loading=\"lazy\" decoding=\"async\" width=\"1024\" height=\"768\" src=\"https:\/\/fundacionicolas.org\/wp-content\/uploads\/2025\/10\/WhatsApp-Image-2025-10-15-at-12.16.37-1024x768.jpeg\" alt=\"\" class=\"wp-image-1499 size-full\" srcset=\"https:\/\/fundacionicolas.org\/wp-content\/uploads\/2025\/10\/WhatsApp-Image-2025-10-15-at-12.16.37-1024x768.jpeg 1024w, https:\/\/fundacionicolas.org\/wp-content\/uploads\/2025\/10\/WhatsApp-Image-2025-10-15-at-12.16.37-300x225.jpeg 300w, https:\/\/fundacionicolas.org\/wp-content\/uploads\/2025\/10\/WhatsApp-Image-2025-10-15-at-12.16.37-768x576.jpeg 768w, https:\/\/fundacionicolas.org\/wp-content\/uploads\/2025\/10\/WhatsApp-Image-2025-10-15-at-12.16.37-1536x1152.jpeg 1536w, https:\/\/fundacionicolas.org\/wp-content\/uploads\/2025\/10\/WhatsApp-Image-2025-10-15-at-12.16.37-350x263.jpeg 350w, https:\/\/fundacionicolas.org\/wp-content\/uploads\/2025\/10\/WhatsApp-Image-2025-10-15-at-12.16.37.jpeg 1600w\" sizes=\"(max-width: 767px) 89vw, (max-width: 1000px) 54vw, (max-width: 1071px) 543px, 580px\" \/><\/figure><div class=\"wp-block-media-text__content\">\n<figure class=\"wp-block-image size-large\"><img loading=\"lazy\" decoding=\"async\" width=\"644\" height=\"1024\" src=\"https:\/\/fundacionicolas.org\/wp-content\/uploads\/2025\/10\/GLOBOS-644x1024.jpg\" alt=\"\" class=\"wp-image-1501\" srcset=\"https:\/\/fundacionicolas.org\/wp-content\/uploads\/2025\/10\/GLOBOS-644x1024.jpg 644w, https:\/\/fundacionicolas.org\/wp-content\/uploads\/2025\/10\/GLOBOS-189x300.jpg 189w, https:\/\/fundacionicolas.org\/wp-content\/uploads\/2025\/10\/GLOBOS-768x1221.jpg 768w, https:\/\/fundacionicolas.org\/wp-content\/uploads\/2025\/10\/GLOBOS-966x1536.jpg 966w, https:\/\/fundacionicolas.org\/wp-content\/uploads\/2025\/10\/GLOBOS-350x557.jpg 350w, https:\/\/fundacionicolas.org\/wp-content\/uploads\/2025\/10\/GLOBOS.jpg 1288w\" sizes=\"(max-width: 644px) 100vw, 644px\" \/><\/figure>\n<\/div><\/div>\n\n\n\n<h2 class=\"wp-block-heading has-text-align-center\"><strong>Unidad Metropolitana de Salud Sur<\/strong><\/h2>\n\n\n\n<p>Se llev\u00f3 a cabo un <strong>conversatorio<\/strong> por el D\u00eda Internacional de las P\u00e9rdidas Gestacionales, Perinatales y Neonatales, donde nuestra presidenta particip\u00f3 como panelista.<br>Encendimos una vela en memoria de cada vida breve, recordando que aunque el cuerpo ya no est\u00e9, el amor permanece.<\/p>\n\n\n\n<figure class=\"wp-block-image size-large\"><img loading=\"lazy\" decoding=\"async\" width=\"1024\" height=\"768\" src=\"https:\/\/fundacionicolas.org\/wp-content\/uploads\/2025\/10\/WhatsApp-Image-2025-10-16-at-15.56.09-1024x768.jpeg\" alt=\"\" class=\"wp-image-1507\" srcset=\"https:\/\/fundacionicolas.org\/wp-content\/uploads\/2025\/10\/WhatsApp-Image-2025-10-16-at-15.56.09-1024x768.jpeg 1024w, https:\/\/fundacionicolas.org\/wp-content\/uploads\/2025\/10\/WhatsApp-Image-2025-10-16-at-15.56.09-300x225.jpeg 300w, https:\/\/fundacionicolas.org\/wp-content\/uploads\/2025\/10\/WhatsApp-Image-2025-10-16-at-15.56.09-768x576.jpeg 768w, https:\/\/fundacionicolas.org\/wp-content\/uploads\/2025\/10\/WhatsApp-Image-2025-10-16-at-15.56.09-350x263.jpeg 350w, https:\/\/fundacionicolas.org\/wp-content\/uploads\/2025\/10\/WhatsApp-Image-2025-10-16-at-15.56.09.jpeg 1280w\" sizes=\"(max-width: 767px) 89vw, (max-width: 1000px) 54vw, (max-width: 1071px) 543px, 580px\" \/><\/figure>\n\n\n\n<div class=\"wp-block-media-text has-media-on-the-right is-stacked-on-mobile\"><div class=\"wp-block-media-text__content\">\n<p><\/p>\n\n\n\n<figure class=\"wp-block-image size-large is-resized\"><img loading=\"lazy\" decoding=\"async\" width=\"1024\" height=\"768\" src=\"https:\/\/fundacionicolas.org\/wp-content\/uploads\/2025\/10\/WhatsApp-Image-2025-10-16-at-15.56.08-1024x768.jpeg\" alt=\"\" class=\"wp-image-1509\" style=\"width:383px;height:auto\" srcset=\"https:\/\/fundacionicolas.org\/wp-content\/uploads\/2025\/10\/WhatsApp-Image-2025-10-16-at-15.56.08-1024x768.jpeg 1024w, https:\/\/fundacionicolas.org\/wp-content\/uploads\/2025\/10\/WhatsApp-Image-2025-10-16-at-15.56.08-300x225.jpeg 300w, https:\/\/fundacionicolas.org\/wp-content\/uploads\/2025\/10\/WhatsApp-Image-2025-10-16-at-15.56.08-768x576.jpeg 768w, https:\/\/fundacionicolas.org\/wp-content\/uploads\/2025\/10\/WhatsApp-Image-2025-10-16-at-15.56.08-350x263.jpeg 350w, https:\/\/fundacionicolas.org\/wp-content\/uploads\/2025\/10\/WhatsApp-Image-2025-10-16-at-15.56.08.jpeg 1280w\" sizes=\"(max-width: 767px) 89vw, (max-width: 1000px) 54vw, (max-width: 1071px) 543px, 580px\" \/><\/figure>\n<\/div><figure class=\"wp-block-media-text__media\"><img loading=\"lazy\" decoding=\"async\" width=\"768\" height=\"1024\" src=\"https:\/\/fundacionicolas.org\/wp-content\/uploads\/2025\/10\/WhatsApp-Image-2025-10-16-at-15.56.09-1-768x1024.jpeg\" alt=\"\" class=\"wp-image-1508 size-full\" srcset=\"https:\/\/fundacionicolas.org\/wp-content\/uploads\/2025\/10\/WhatsApp-Image-2025-10-16-at-15.56.09-1-768x1024.jpeg 768w, https:\/\/fundacionicolas.org\/wp-content\/uploads\/2025\/10\/WhatsApp-Image-2025-10-16-at-15.56.09-1-225x300.jpeg 225w, https:\/\/fundacionicolas.org\/wp-content\/uploads\/2025\/10\/WhatsApp-Image-2025-10-16-at-15.56.09-1-350x467.jpeg 350w, https:\/\/fundacionicolas.org\/wp-content\/uploads\/2025\/10\/WhatsApp-Image-2025-10-16-at-15.56.09-1.jpeg 960w\" sizes=\"(max-width: 767px) 89vw, (max-width: 1000px) 54vw, (max-width: 1071px) 543px, 580px\" \/><\/figure><\/div>\n\n\n\n<h2 class=\"wp-block-heading has-text-align-center\"><strong>\ud83d\udc9c Cuenca<\/strong><\/h2>\n\n\n\n<p>En la hermosa ciudad de Cuenca, la <strong>Ola de Luz 2025<\/strong> se vivi\u00f3 en <strong>Casa Yangoe<\/strong>, donde decenas de velas iluminaron la noche.<br>Gracias a <strong>Carolina V\u00e1squez<\/strong> y <strong>Ana Mar\u00eda<\/strong>, representantes de la sede, por hacer posible este encuentro que llen\u00f3 de calma y uni\u00f3n a las familias que recordaron a sus beb\u00e9s con amor.<\/p>\n\n\n\n<figure class=\"wp-block-image size-full\"><img loading=\"lazy\" decoding=\"async\" width=\"705\" height=\"857\" src=\"https:\/\/fundacionicolas.org\/wp-content\/uploads\/2025\/10\/WhatsApp-Image-2025-10-15-at-12.04.02-1.jpeg\" alt=\"\" class=\"wp-image-1510\" srcset=\"https:\/\/fundacionicolas.org\/wp-content\/uploads\/2025\/10\/WhatsApp-Image-2025-10-15-at-12.04.02-1.jpeg 705w, https:\/\/fundacionicolas.org\/wp-content\/uploads\/2025\/10\/WhatsApp-Image-2025-10-15-at-12.04.02-1-247x300.jpeg 247w, https:\/\/fundacionicolas.org\/wp-content\/uploads\/2025\/10\/WhatsApp-Image-2025-10-15-at-12.04.02-1-350x425.jpeg 350w\" sizes=\"(max-width: 705px) 100vw, 705px\" \/><\/figure>\n\n\n\n<figure class=\"wp-block-image size-large\"><img loading=\"lazy\" decoding=\"async\" width=\"768\" height=\"1024\" src=\"https:\/\/fundacionicolas.org\/wp-content\/uploads\/2025\/10\/WhatsApp-Image-2025-10-15-at-11.41.50-1-768x1024.jpeg\" alt=\"\" class=\"wp-image-1513\" srcset=\"https:\/\/fundacionicolas.org\/wp-content\/uploads\/2025\/10\/WhatsApp-Image-2025-10-15-at-11.41.50-1-768x1024.jpeg 768w, https:\/\/fundacionicolas.org\/wp-content\/uploads\/2025\/10\/WhatsApp-Image-2025-10-15-at-11.41.50-1-225x300.jpeg 225w, https:\/\/fundacionicolas.org\/wp-content\/uploads\/2025\/10\/WhatsApp-Image-2025-10-15-at-11.41.50-1-350x467.jpeg 350w, https:\/\/fundacionicolas.org\/wp-content\/uploads\/2025\/10\/WhatsApp-Image-2025-10-15-at-11.41.50-1.jpeg 960w\" sizes=\"(max-width: 767px) 89vw, (max-width: 1000px) 54vw, (max-width: 1071px) 543px, 580px\" \/><figcaption class=\"wp-element-caption\">Casa Yangoe<\/figcaption><\/figure>\n\n\n\n<h2 class=\"wp-block-heading has-text-align-center\"><strong>\ud83d\udc9c El Carmen<\/strong><\/h2>\n\n\n\n<p>Con profundo respeto y ternura, en <strong>El Carmen<\/strong> se ilumin\u00f3 el <strong>Parque Central<\/strong> con velas y luces.<br>Agradecemos a <strong>Allison Basantes<\/strong> y a todas las madres y padres que alzaron su voz y encendieron una llama por sus hijos e hijas que siempre vivir\u00e1n en sus corazones.<\/p>\n\n\n\n<figure class=\"wp-block-image size-large\"><img loading=\"lazy\" decoding=\"async\" width=\"1024\" height=\"768\" src=\"https:\/\/fundacionicolas.org\/wp-content\/uploads\/2025\/10\/WhatsApp-Image-2025-10-15-at-22.46.08-2-1024x768.jpeg\" alt=\"\" class=\"wp-image-1514\" srcset=\"https:\/\/fundacionicolas.org\/wp-content\/uploads\/2025\/10\/WhatsApp-Image-2025-10-15-at-22.46.08-2-1024x768.jpeg 1024w, https:\/\/fundacionicolas.org\/wp-content\/uploads\/2025\/10\/WhatsApp-Image-2025-10-15-at-22.46.08-2-300x225.jpeg 300w, https:\/\/fundacionicolas.org\/wp-content\/uploads\/2025\/10\/WhatsApp-Image-2025-10-15-at-22.46.08-2-768x576.jpeg 768w, https:\/\/fundacionicolas.org\/wp-content\/uploads\/2025\/10\/WhatsApp-Image-2025-10-15-at-22.46.08-2-350x263.jpeg 350w, https:\/\/fundacionicolas.org\/wp-content\/uploads\/2025\/10\/WhatsApp-Image-2025-10-15-at-22.46.08-2.jpeg 1280w\" sizes=\"(max-width: 767px) 89vw, (max-width: 1000px) 54vw, (max-width: 1071px) 543px, 580px\" \/><\/figure>\n\n\n\n<figure class=\"wp-block-image size-large\"><img loading=\"lazy\" decoding=\"async\" width=\"768\" height=\"1024\" src=\"https:\/\/fundacionicolas.org\/wp-content\/uploads\/2025\/10\/WhatsApp-Image-2025-10-15-at-22.46.25-1-768x1024.jpeg\" alt=\"\" class=\"wp-image-1515\" srcset=\"https:\/\/fundacionicolas.org\/wp-content\/uploads\/2025\/10\/WhatsApp-Image-2025-10-15-at-22.46.25-1-768x1024.jpeg 768w, https:\/\/fundacionicolas.org\/wp-content\/uploads\/2025\/10\/WhatsApp-Image-2025-10-15-at-22.46.25-1-225x300.jpeg 225w, https:\/\/fundacionicolas.org\/wp-content\/uploads\/2025\/10\/WhatsApp-Image-2025-10-15-at-22.46.25-1-350x467.jpeg 350w, https:\/\/fundacionicolas.org\/wp-content\/uploads\/2025\/10\/WhatsApp-Image-2025-10-15-at-22.46.25-1.jpeg 960w\" sizes=\"(max-width: 767px) 89vw, (max-width: 1000px) 54vw, (max-width: 1071px) 543px, 580px\" \/><\/figure>\n\n\n\n<h2 class=\"wp-block-heading has-text-align-center\"><strong>\ud83d\udc9c Machala<\/strong><\/h2>\n\n\n\n<p>En <strong>Machala<\/strong>, las familias se reunieron en la capilla local para encender una vela y dedicar un momento de oraci\u00f3n.<br>Fue una tarde silenciosa, llena de amor y presencia, donde cada luz represent\u00f3 una historia, un nombre y un lazo que trasciende el tiempo.<\/p>\n\n\n\n<figure class=\"wp-block-image size-large\"><img loading=\"lazy\" decoding=\"async\" width=\"768\" height=\"1024\" src=\"https:\/\/fundacionicolas.org\/wp-content\/uploads\/2025\/10\/WhatsApp-Image-2025-10-16-at-06.38.18-768x1024.jpeg\" alt=\"\" class=\"wp-image-1516\" srcset=\"https:\/\/fundacionicolas.org\/wp-content\/uploads\/2025\/10\/WhatsApp-Image-2025-10-16-at-06.38.18-768x1024.jpeg 768w, https:\/\/fundacionicolas.org\/wp-content\/uploads\/2025\/10\/WhatsApp-Image-2025-10-16-at-06.38.18-225x300.jpeg 225w, https:\/\/fundacionicolas.org\/wp-content\/uploads\/2025\/10\/WhatsApp-Image-2025-10-16-at-06.38.18-350x467.jpeg 350w, https:\/\/fundacionicolas.org\/wp-content\/uploads\/2025\/10\/WhatsApp-Image-2025-10-16-at-06.38.18.jpeg 960w\" sizes=\"(max-width: 767px) 89vw, (max-width: 1000px) 54vw, (max-width: 1071px) 543px, 580px\" \/><\/figure>\n\n\n\n<figure class=\"wp-block-image size-large\"><img loading=\"lazy\" decoding=\"async\" width=\"768\" height=\"1024\" src=\"https:\/\/fundacionicolas.org\/wp-content\/uploads\/2025\/10\/WhatsApp-Image-2025-10-16-at-06.38.18-1-768x1024.jpeg\" alt=\"\" class=\"wp-image-1517\" srcset=\"https:\/\/fundacionicolas.org\/wp-content\/uploads\/2025\/10\/WhatsApp-Image-2025-10-16-at-06.38.18-1-768x1024.jpeg 768w, https:\/\/fundacionicolas.org\/wp-content\/uploads\/2025\/10\/WhatsApp-Image-2025-10-16-at-06.38.18-1-225x300.jpeg 225w, https:\/\/fundacionicolas.org\/wp-content\/uploads\/2025\/10\/WhatsApp-Image-2025-10-16-at-06.38.18-1-350x467.jpeg 350w, https:\/\/fundacionicolas.org\/wp-content\/uploads\/2025\/10\/WhatsApp-Image-2025-10-16-at-06.38.18-1.jpeg 960w\" sizes=\"(max-width: 767px) 89vw, (max-width: 1000px) 54vw, (max-width: 1071px) 543px, 580px\" \/><\/figure>\n\n\n\n<h2 class=\"wp-block-heading has-text-align-center\"><strong>\ud83d\udc9c Sucumb\u00edos<\/strong><\/h2>\n\n\n\n<p>En el <strong>Hospital Marco Vinicio Iza<\/strong>, la fachada se ilumin\u00f3 para conmemorar el D\u00eda Internacional del Duelo Gestacional, Perinatal y Neonatal.<br>Este gesto simb\u00f3lico llen\u00f3 de luz el hospital y marc\u00f3 un compromiso conjunto por visibilizar y acompa\u00f1ar el dolor de las familias que han perdido a sus beb\u00e9s.<\/p>\n\n\n\n<figure class=\"wp-block-image size-large is-resized\"><img loading=\"lazy\" decoding=\"async\" width=\"1024\" height=\"576\" src=\"https:\/\/fundacionicolas.org\/wp-content\/uploads\/2025\/10\/WhatsApp-Image-2025-10-23-at-13.13.12-1024x576.jpeg\" alt=\"\" class=\"wp-image-1518\" style=\"width:674px;height:auto\" srcset=\"https:\/\/fundacionicolas.org\/wp-content\/uploads\/2025\/10\/WhatsApp-Image-2025-10-23-at-13.13.12-1024x576.jpeg 1024w, https:\/\/fundacionicolas.org\/wp-content\/uploads\/2025\/10\/WhatsApp-Image-2025-10-23-at-13.13.12-300x169.jpeg 300w, https:\/\/fundacionicolas.org\/wp-content\/uploads\/2025\/10\/WhatsApp-Image-2025-10-23-at-13.13.12-768x432.jpeg 768w, https:\/\/fundacionicolas.org\/wp-content\/uploads\/2025\/10\/WhatsApp-Image-2025-10-23-at-13.13.12-350x197.jpeg 350w, https:\/\/fundacionicolas.org\/wp-content\/uploads\/2025\/10\/WhatsApp-Image-2025-10-23-at-13.13.12.jpeg 1280w\" sizes=\"(max-width: 767px) 89vw, (max-width: 1000px) 54vw, (max-width: 1071px) 543px, 580px\" \/><figcaption class=\"wp-element-caption\">Hospital Marco Vinicio Iza <\/figcaption><\/figure>\n\n\n\n<h2 class=\"wp-block-heading has-text-align-center\"><strong>\u2728 Un pa\u00eds unido por el amor<\/strong><\/h2>\n\n\n\n<p class=\"has-text-align-center\">La <strong>Ola de Luz 2025<\/strong> nos record\u00f3 que cuando una familia enciende una vela, todo un pa\u00eds se ilumina con ella.<br>Desde cada ciudad, cada hospital, cada hogar, se alzaron voces y miradas al cielo en memoria de esos peque\u00f1os que nos ense\u00f1aron el amor m\u00e1s puro.<br>Gracias a todos quienes fueron parte de esta ola de amor y esperanza. \ud83d\udc9c<\/p>\n","protected":false},"excerpt":{"rendered":"<p>\ud83c\udf19 Ola de Luz 2025 Honramos la vida, encendemos el amor Cada 15 de octubre, desde diferentes rincones del Ecuador, las familias se unen a la Ola de Luz, un momento lleno de amor y esperanza para recordar a los beb\u00e9s que partieron demasiado pronto.Este 2025, Fundaci\u00f3n Nicol\u00e1s acompa\u00f1\u00f3 y organiz\u00f3 conmemoraciones en varias provincias &hellip; <\/p>\n<p class=\"link-more\"><a href=\"https:\/\/fundacionicolas.org\/?page_id=1484\" class=\"more-link\">Continuar leyendo<span class=\"screen-reader-text\"> \u00abOla de Luz 2025\u00bb<\/span><\/a><\/p>\n","protected":false},"author":2,"featured_media":0,"parent":0,"menu_order":0,"comment_status":"closed","ping_status":"closed","template":"","meta":{"om_disable_all_campaigns":false,"_monsterinsights_skip_tracking":false,"_monsterinsights_sitenote_active":false,"_monsterinsights_sitenote_note":"","_monsterinsights_sitenote_category":0,"footnotes":""},"aioseo_notices":[],"_links":{"self":[{"href":"https:\/\/fundacionicolas.org\/index.php?rest_route=\/wp\/v2\/pages\/1484"}],"collection":[{"href":"https:\/\/fundacionicolas.org\/index.php?rest_route=\/wp\/v2\/pages"}],"about":[{"href":"https:\/\/fundacionicolas.org\/index.php?rest_route=\/wp\/v2\/types\/page"}],"author":[{"embeddable":true,"href":"https:\/\/fundacionicolas.org\/index.php?rest_route=\/wp\/v2\/users\/2"}],"replies":[{"embeddable":true,"href":"https:\/\/fundacionicolas.org\/index.php?rest_route=%2Fwp%2Fv2%2Fcomments&post=1484"}],"version-history":[{"count":4,"href":"https:\/\/fundacionicolas.org\/index.php?rest_route=\/wp\/v2\/pages\/1484\/revisions"}],"predecessor-version":[{"id":1521,"href":"https:\/\/fundacionicolas.org\/index.php?rest_route=\/wp\/v2\/pages\/1484\/revisions\/1521"}],"wp:attachment":[{"href":"https:\/\/fundacionicolas.org\/index.php?rest_route=%2Fwp%2Fv2%2Fmedia&parent=1484"}],"curies":[{"name":"wp","href":"https:\/\/api.w.org\/{rel}","templated":true}]}}