{"id":22,"date":"2023-04-15T10:25:43","date_gmt":"2023-04-15T13:25:43","guid":{"rendered":"https:\/\/fundacionicolas.org\/?page_id=22"},"modified":"2023-04-15T13:34:51","modified_gmt":"2023-04-15T16:34:51","slug":"mi-historia","status":"publish","type":"page","link":"https:\/\/fundacionicolas.org\/?page_id=22","title":{"rendered":"Nuestra historia"},"content":{"rendered":"\n<p><em>Hola,&nbsp;<\/em><\/p>\n\n\n\n<p><em>Soy Mam\u00e1 de Nico, vivo en Sudam\u00e9rica&nbsp;y mi historia no la hubiese imaginado as\u00ed si me la hubieran contado o advertido.<\/em><\/p>\n\n\n\n<p><em>Como todas las mujeres o la gran mayor\u00eda, estudi\u00e9 gracias al apoyo de mis padres y logr\u00e9 graduarme de la universidad, con sue\u00f1os y anhelos, con ganas de comerse el mundo con sus manos pr\u00e1cticamente.<\/em><\/p>\n\n\n\n<p><em>Segu\u00ed mi vida con emprendimientos y sue\u00f1os cada vez mas claros, trabajando para mi, desde mi trinchera tratando de formar parte del dinamismo econ\u00f3mico y comercial.&nbsp;<\/em><\/p>\n\n\n\n<p><em>Emprendimiento que me llev\u00f3 a conocer muchas empresas y poder entregar mi producto con calidad, cada d\u00eda era totalmente diferente al anterior y eso me manten\u00eda con ganas de seguir trabajando y avanzando con mi vida.<\/em><\/p>\n\n\n\n<p><em>Durante este camino,&nbsp; conozco al amor de mi vida, mi esposo y nos casamos, fue todo planificado, con tiempo fue uno de los d\u00edas m\u00e1s importantes y felices hasta ese momento, realizar este pacto para toda la vida fue algo hermoso.<\/em><\/p>\n\n\n\n<p><em>Lleg\u00f3 la pandemia, y con ella muchos aprendizajes, al pasar el tiempo siempre hac\u00edamos planes en familia, pero no era una prioridad tener hijos, con esto en mente seguimos nuestras vidas disfrutando cada momento con alegr\u00edas y tristezas como todos.<\/em><\/p>\n\n\n\n<p><em>Durante este tiempo tuvimos que atravesar por 2 perdidas gestacionales, muy breves pero muy dolorosas a la vez, desde ese momento comenc\u00e9 a ver un mundo diferente.<\/em><\/p>\n\n\n\n<p>\u00bf<em>Diferente por qu\u00e9? <\/em><\/p>\n\n\n\n<p><em>Te lo cuento desde mi punto de vista&#8230;<\/em><\/p>\n\n\n\n<p><em>Diferente porque no tuve una mano amiga, mas all\u00e1 de mi esposo y mi familia, que me ense\u00f1e como pasar esos peque\u00f1os duelos.<\/em><\/p>\n\n\n\n<p><em>Te llenas de ilusi\u00f3n y miedo a la vez, pero as\u00ed no lo veas tan visiblemente (panza crece), o lo sientas,&nbsp; sabes que est\u00e1 ah\u00ed, y te llenas de amor, comienzas a realizar planes y proyectos porque ya no piensas en ti.<\/em><\/p>\n\n\n\n<p><em>Pasando por este dolor en autom\u00e1tico, seguimos adelante haciendo nuestras vidas, dejando a un lado o guardando ese dolor y luto para uno y ante la sociedad no pasaba nada&#8230; <\/em><\/p>\n\n\n\n<p><em>y hasta te lo llegas a creer por segundos.<\/em><\/p>\n\n\n\n<p><em>Junto a mi esposo tenemos muy buena comunicaci\u00f3n la cual nos ayud\u00f3 mucho para poder atravesar estos momentos dif\u00edciles y entender que deb\u00edamos seguir viviendo&#8230; estamos vivos no?<\/em><\/p>\n","protected":false},"excerpt":{"rendered":"<p>Hola,&nbsp; Soy Mam\u00e1 de Nico, vivo en Sudam\u00e9rica&nbsp;y mi historia no la hubiese imaginado as\u00ed si me la hubieran contado o advertido. Como todas las mujeres o la gran mayor\u00eda, estudi\u00e9 gracias al apoyo de mis padres y logr\u00e9 graduarme de la universidad, con sue\u00f1os y anhelos, con ganas de comerse el mundo con sus &hellip; <\/p>\n<p class=\"link-more\"><a href=\"https:\/\/fundacionicolas.org\/?page_id=22\" class=\"more-link\">Continuar leyendo<span class=\"screen-reader-text\"> \u00abNuestra historia\u00bb<\/span><\/a><\/p>\n","protected":false},"author":2,"featured_media":139,"parent":0,"menu_order":0,"comment_status":"closed","ping_status":"closed","template":"","meta":{"om_disable_all_campaigns":false,"_monsterinsights_skip_tracking":false,"_monsterinsights_sitenote_active":false,"_monsterinsights_sitenote_note":"","_monsterinsights_sitenote_category":0,"footnotes":""},"aioseo_notices":[],"_links":{"self":[{"href":"https:\/\/fundacionicolas.org\/index.php?rest_route=\/wp\/v2\/pages\/22"}],"collection":[{"href":"https:\/\/fundacionicolas.org\/index.php?rest_route=\/wp\/v2\/pages"}],"about":[{"href":"https:\/\/fundacionicolas.org\/index.php?rest_route=\/wp\/v2\/types\/page"}],"author":[{"embeddable":true,"href":"https:\/\/fundacionicolas.org\/index.php?rest_route=\/wp\/v2\/users\/2"}],"replies":[{"embeddable":true,"href":"https:\/\/fundacionicolas.org\/index.php?rest_route=%2Fwp%2Fv2%2Fcomments&post=22"}],"version-history":[{"count":4,"href":"https:\/\/fundacionicolas.org\/index.php?rest_route=\/wp\/v2\/pages\/22\/revisions"}],"predecessor-version":[{"id":140,"href":"https:\/\/fundacionicolas.org\/index.php?rest_route=\/wp\/v2\/pages\/22\/revisions\/140"}],"wp:featuredmedia":[{"embeddable":true,"href":"https:\/\/fundacionicolas.org\/index.php?rest_route=\/wp\/v2\/media\/139"}],"wp:attachment":[{"href":"https:\/\/fundacionicolas.org\/index.php?rest_route=%2Fwp%2Fv2%2Fmedia&parent=22"}],"curies":[{"name":"wp","href":"https:\/\/api.w.org\/{rel}","templated":true}]}}