{"id":293,"date":"2023-06-21T13:23:37","date_gmt":"2023-06-21T16:23:37","guid":{"rendered":"https:\/\/fundacionicolas.org\/?page_id=293"},"modified":"2026-03-09T20:28:22","modified_gmt":"2026-03-09T23:28:22","slug":"grupos-de-apoyo","status":"publish","type":"page","link":"https:\/\/fundacionicolas.org\/?page_id=293","title":{"rendered":"Grupos de apoyo"},"content":{"rendered":"\n<p>Entendemos lo que est\u00e1s pasando y queremos decirte que sentimos mucho la p\u00e9rdida de tu beb\u00e9, el amor de padres no se iguala a nada parecido y te abrazamos fuertemente.<\/p>\n\n\n\n<p>En este grupo de apoyo queremos que sepas que no vas a estar sola o solo, atravesar el duelo de una manera sana, con ayuda y acompa\u00f1amiento es fundamental para poder continuar con la vida, no hay prisas ni apuros. Somos un grupo de padres que vive el duelo y comparten su d\u00eda a d\u00eda y aprendemos uno del otro.<\/p>\n\n\n\n<p>El acompa\u00f1amiento lo realizaremos en la cuidad de Quito dos veces al mes. <\/p>\n\n\n\n<p>El poder contar con un grupo de apoyo te ayuda a:<\/p>\n\n\n\n<p>Compartir sus sentimientos y experiencias. <\/p>\n\n\n\n<p>Escuchar a otros para compartir sentimientos y experiencias similares. <\/p>\n\n\n\n<p>Ayudar a otros, intercambiar ideas, informaci\u00f3n y brindar apoyo. <\/p>\n\n\n\n<p>Aprender a resolver problemas.<\/p>\n\n\n\n<p>Saber que no son los \u00fanicos y por lo tanto que no est\u00e1n solos.<\/p>\n\n\n\n<p>Cada reuni\u00f3n la realizamos cada 15 d\u00edas, de manera permanente y no tiene costo.<\/p>\n\n\n\n<figure class=\"wp-block-image size-large\"><img loading=\"lazy\" decoding=\"async\" width=\"796\" height=\"1024\" src=\"https:\/\/fundacionicolas.org\/wp-content\/uploads\/2026\/03\/INFO-REPUBLICA--796x1024.jpg\" alt=\"\" class=\"wp-image-1643\" srcset=\"https:\/\/fundacionicolas.org\/wp-content\/uploads\/2026\/03\/INFO-REPUBLICA--796x1024.jpg 796w, https:\/\/fundacionicolas.org\/wp-content\/uploads\/2026\/03\/INFO-REPUBLICA--233x300.jpg 233w, https:\/\/fundacionicolas.org\/wp-content\/uploads\/2026\/03\/INFO-REPUBLICA--768x987.jpg 768w, https:\/\/fundacionicolas.org\/wp-content\/uploads\/2026\/03\/INFO-REPUBLICA--350x450.jpg 350w, https:\/\/fundacionicolas.org\/wp-content\/uploads\/2026\/03\/INFO-REPUBLICA-.jpg 840w\" sizes=\"(max-width: 767px) 89vw, (max-width: 1000px) 54vw, (max-width: 1071px) 543px, 580px\" \/><\/figure>\n\n\n\n<h2 class=\"wp-block-heading\">Reg\u00edstrate a trav\u00e9s del siguiente formulario en nuestro grupo de apoyo gratuito:<\/h2>\n\n\n<div class=\"wp-block-jetpack-contact-form\"><a href=\"https:\/\/fundacionicolas.org\/?page_id=293\" target=\"_blank\" rel=\"noopener noreferrer\">Env\u00eda un formulario.<\/a><\/div>","protected":false},"excerpt":{"rendered":"<p>Entendemos lo que est\u00e1s pasando y queremos decirte que sentimos mucho la p\u00e9rdida de tu beb\u00e9, el amor de padres no se iguala a nada parecido y te abrazamos fuertemente. En este grupo de apoyo queremos que sepas que no vas a estar sola o solo, atravesar el duelo de una manera sana, con ayuda &hellip; <\/p>\n<p class=\"link-more\"><a href=\"https:\/\/fundacionicolas.org\/?page_id=293\" class=\"more-link\">Continuar leyendo<span class=\"screen-reader-text\"> \u00abGrupos de apoyo\u00bb<\/span><\/a><\/p>\n","protected":false},"author":1,"featured_media":301,"parent":0,"menu_order":0,"comment_status":"closed","ping_status":"closed","template":"","meta":{"om_disable_all_campaigns":false,"_monsterinsights_skip_tracking":false,"_monsterinsights_sitenote_active":false,"_monsterinsights_sitenote_note":"","_monsterinsights_sitenote_category":0,"footnotes":""},"aioseo_notices":[],"_links":{"self":[{"href":"https:\/\/fundacionicolas.org\/index.php?rest_route=\/wp\/v2\/pages\/293"}],"collection":[{"href":"https:\/\/fundacionicolas.org\/index.php?rest_route=\/wp\/v2\/pages"}],"about":[{"href":"https:\/\/fundacionicolas.org\/index.php?rest_route=\/wp\/v2\/types\/page"}],"author":[{"embeddable":true,"href":"https:\/\/fundacionicolas.org\/index.php?rest_route=\/wp\/v2\/users\/1"}],"replies":[{"embeddable":true,"href":"https:\/\/fundacionicolas.org\/index.php?rest_route=%2Fwp%2Fv2%2Fcomments&post=293"}],"version-history":[{"count":10,"href":"https:\/\/fundacionicolas.org\/index.php?rest_route=\/wp\/v2\/pages\/293\/revisions"}],"predecessor-version":[{"id":1644,"href":"https:\/\/fundacionicolas.org\/index.php?rest_route=\/wp\/v2\/pages\/293\/revisions\/1644"}],"wp:featuredmedia":[{"embeddable":true,"href":"https:\/\/fundacionicolas.org\/index.php?rest_route=\/wp\/v2\/media\/301"}],"wp:attachment":[{"href":"https:\/\/fundacionicolas.org\/index.php?rest_route=%2Fwp%2Fv2%2Fmedia&parent=293"}],"curies":[{"name":"wp","href":"https:\/\/api.w.org\/{rel}","templated":true}]}}