{"id":707,"date":"2024-06-18T12:33:30","date_gmt":"2024-06-18T15:33:30","guid":{"rendered":"https:\/\/fundacionicolas.org\/?page_id=707"},"modified":"2024-09-11T19:17:37","modified_gmt":"2024-09-11T22:17:37","slug":"noticias","status":"publish","type":"page","link":"https:\/\/fundacionicolas.org\/?page_id=707","title":{"rendered":"Noticias"},"content":{"rendered":"\n<p>En esta secci\u00f3n te informamos de las novedades que tenemos para ustedes, como Fundaci\u00f3n Nicol\u00e1s queremos contarte de todos los avances, porque creemos firmemente que al contarte cuanto se avanza vamos a difundir m\u00e1s toda la labor que hacemos d\u00eda a d\u00eda. <\/p>\n\n\n\n<p><\/p>\n\n\n\n<hr class=\"wp-block-separator has-alpha-channel-opacity is-style-wide\"\/>\n\n\n\n<div class=\"wp-block-columns are-vertically-aligned-top is-layout-flex wp-container-core-columns-is-layout-1 wp-block-columns-is-layout-flex\">\n<div class=\"wp-block-column is-layout-flow wp-block-column-is-layout-flow\">\n<div class=\"wp-block-group\"><div class=\"wp-block-group__inner-container is-layout-flow wp-block-group-is-layout-flow\">\n<figure class=\"wp-block-image size-large\"><img loading=\"lazy\" decoding=\"async\" width=\"1024\" height=\"1024\" src=\"http:\/\/fundacionicolas.org\/wp-content\/uploads\/2024\/06\/primer-aniversario-Fund-Nicolas--1024x1024.png\" alt=\"\" class=\"wp-image-779\" srcset=\"https:\/\/fundacionicolas.org\/wp-content\/uploads\/2024\/06\/primer-aniversario-Fund-Nicolas--1024x1024.png 1024w, https:\/\/fundacionicolas.org\/wp-content\/uploads\/2024\/06\/primer-aniversario-Fund-Nicolas--300x300.png 300w, https:\/\/fundacionicolas.org\/wp-content\/uploads\/2024\/06\/primer-aniversario-Fund-Nicolas--150x150.png 150w, https:\/\/fundacionicolas.org\/wp-content\/uploads\/2024\/06\/primer-aniversario-Fund-Nicolas--768x768.png 768w, https:\/\/fundacionicolas.org\/wp-content\/uploads\/2024\/06\/primer-aniversario-Fund-Nicolas--100x100.png 100w, https:\/\/fundacionicolas.org\/wp-content\/uploads\/2024\/06\/primer-aniversario-Fund-Nicolas--250x250.png 250w, https:\/\/fundacionicolas.org\/wp-content\/uploads\/2024\/06\/primer-aniversario-Fund-Nicolas--350x350.png 350w, https:\/\/fundacionicolas.org\/wp-content\/uploads\/2024\/06\/primer-aniversario-Fund-Nicolas-.png 1080w\" sizes=\"(max-width: 767px) 89vw, (max-width: 1000px) 54vw, (max-width: 1071px) 543px, 580px\" \/><\/figure>\n\n\n\n<h2 class=\"wp-block-heading has-text-align-center has-black-color has-text-color\" style=\"font-size:30px\">Aniversario de la Fundaci\u00f3n Nicol\u00e1s<\/h2>\n\n\n\n<p class=\"has-text-align-left\"><a href=\"https:\/\/fundacionicolas.org\/?p=994\" target=\"_blank\" rel=\"noopener\" title=\"Aniversario de la Fundaci\u00f3n Nicol\u00e1s: Un evento lleno de solidaridad y esperanza\">Leer m\u00e1s <\/a><\/p>\n<\/div><\/div>\n<\/div>\n<\/div>\n\n\n\n<div class=\"wp-block-columns are-vertically-aligned-top is-layout-flex wp-container-core-columns-is-layout-2 wp-block-columns-is-layout-flex\">\n<div class=\"wp-block-column is-layout-flow wp-block-column-is-layout-flow\">\n<div class=\"wp-block-group\"><div class=\"wp-block-group__inner-container is-layout-flow wp-block-group-is-layout-flow\"><div class=\"wp-block-image is-style-default\">\n<figure class=\"aligncenter size-large\"><img loading=\"lazy\" decoding=\"async\" width=\"1024\" height=\"1024\" src=\"http:\/\/fundacionicolas.org\/wp-content\/uploads\/2024\/06\/Ordenanza-Municipal-1024x1024.png\" alt=\"\" class=\"wp-image-767\" srcset=\"https:\/\/fundacionicolas.org\/wp-content\/uploads\/2024\/06\/Ordenanza-Municipal-1024x1024.png 1024w, https:\/\/fundacionicolas.org\/wp-content\/uploads\/2024\/06\/Ordenanza-Municipal-300x300.png 300w, https:\/\/fundacionicolas.org\/wp-content\/uploads\/2024\/06\/Ordenanza-Municipal-150x150.png 150w, https:\/\/fundacionicolas.org\/wp-content\/uploads\/2024\/06\/Ordenanza-Municipal-768x768.png 768w, https:\/\/fundacionicolas.org\/wp-content\/uploads\/2024\/06\/Ordenanza-Municipal-100x100.png 100w, https:\/\/fundacionicolas.org\/wp-content\/uploads\/2024\/06\/Ordenanza-Municipal-250x250.png 250w, https:\/\/fundacionicolas.org\/wp-content\/uploads\/2024\/06\/Ordenanza-Municipal-350x350.png 350w, https:\/\/fundacionicolas.org\/wp-content\/uploads\/2024\/06\/Ordenanza-Municipal.png 1080w\" sizes=\"(max-width: 767px) 89vw, (max-width: 1000px) 54vw, (max-width: 1071px) 543px, 580px\" \/><\/figure><\/div>\n\n\n<h2 class=\"wp-block-heading has-text-align-center has-black-color has-text-color\" style=\"font-size:30px\">15 de Octubre Dia del duelo perinatal en la Capital del Ecuador  <\/h2>\n\n\n\n<p class=\"has-text-align-left\"><a href=\"https:\/\/fundacionicolas.org\/?p=899\" title=\"15 de Octubre Dia del Duelo Perinatal en la Capital del Ecuador\">Leer m\u00e1s <\/a><\/p>\n<\/div><\/div>\n<\/div>\n\n\n\n<div class=\"wp-block-column is-layout-flow wp-block-column-is-layout-flow\">\n<div class=\"wp-block-group\"><div class=\"wp-block-group__inner-container is-layout-flow wp-block-group-is-layout-flow\"><div class=\"wp-block-image is-style-default\">\n<figure class=\"aligncenter size-large\"><img loading=\"lazy\" decoding=\"async\" width=\"768\" height=\"1024\" src=\"http:\/\/fundacionicolas.org\/wp-content\/uploads\/2024\/04\/WhatsApp-Image-2024-03-28-at-20.37.13-1-768x1024.jpeg\" alt=\"\" class=\"wp-image-630\" srcset=\"https:\/\/fundacionicolas.org\/wp-content\/uploads\/2024\/04\/WhatsApp-Image-2024-03-28-at-20.37.13-1-768x1024.jpeg 768w, https:\/\/fundacionicolas.org\/wp-content\/uploads\/2024\/04\/WhatsApp-Image-2024-03-28-at-20.37.13-1-350x467.jpeg 350w, https:\/\/fundacionicolas.org\/wp-content\/uploads\/2024\/04\/WhatsApp-Image-2024-03-28-at-20.37.13-1-225x300.jpeg 225w, https:\/\/fundacionicolas.org\/wp-content\/uploads\/2024\/04\/WhatsApp-Image-2024-03-28-at-20.37.13-1.jpeg 960w\" sizes=\"(max-width: 767px) 89vw, (max-width: 1000px) 54vw, (max-width: 1071px) 543px, 580px\" \/><\/figure><\/div>\n\n\n<h2 class=\"wp-block-heading has-text-align-center has-black-color has-text-color\" style=\"font-size:30px\">Implementaci\u00f3n del C\u00f3digo Mariposa en Cl\u00ednica de la Mujer <\/h2>\n\n\n\n<p class=\"has-text-align-left\"><a href=\"https:\/\/fundacionicolas.org\/?page_id=625\" title=\"Clinica de la Mujer\">Clinica de la Mujer<\/a><\/p>\n<\/div><\/div>\n<\/div>\n<\/div>\n\n\n\n<div style=\"height:100px\" aria-hidden=\"true\" class=\"wp-block-spacer\"><\/div>\n\n\n\n<div class=\"wp-block-columns are-vertically-aligned-top is-layout-flex wp-container-core-columns-is-layout-3 wp-block-columns-is-layout-flex\">\n<div class=\"wp-block-column is-layout-flow wp-block-column-is-layout-flow\">\n<div class=\"wp-block-group\"><div class=\"wp-block-group__inner-container is-layout-flow wp-block-group-is-layout-flow\"><div class=\"wp-block-image is-style-default\">\n<figure class=\"aligncenter size-large\"><img loading=\"lazy\" decoding=\"async\" width=\"731\" height=\"1024\" src=\"https:\/\/fundacionicolas.org\/wp-content\/uploads\/2024\/06\/WhatsApp-Image-2024-06-13-at-01.09.29-731x1024.jpeg\" alt=\"\" class=\"wp-image-777\" srcset=\"https:\/\/fundacionicolas.org\/wp-content\/uploads\/2024\/06\/WhatsApp-Image-2024-06-13-at-01.09.29-731x1024.jpeg 731w, https:\/\/fundacionicolas.org\/wp-content\/uploads\/2024\/06\/WhatsApp-Image-2024-06-13-at-01.09.29-214x300.jpeg 214w, https:\/\/fundacionicolas.org\/wp-content\/uploads\/2024\/06\/WhatsApp-Image-2024-06-13-at-01.09.29-768x1076.jpeg 768w, https:\/\/fundacionicolas.org\/wp-content\/uploads\/2024\/06\/WhatsApp-Image-2024-06-13-at-01.09.29-350x490.jpeg 350w, https:\/\/fundacionicolas.org\/wp-content\/uploads\/2024\/06\/WhatsApp-Image-2024-06-13-at-01.09.29.jpeg 914w\" sizes=\"(max-width: 731px) 100vw, 731px\" \/><\/figure><\/div>\n\n\n<h2 class=\"wp-block-heading has-text-align-left has-black-color has-text-color\" style=\"font-size:30px\">D\u00eda del Padre<\/h2>\n\n\n\n<p class=\"has-text-align-left\"><a href=\"https:\/\/fundacionicolas.org\/?p=894\" title=\"D\u00eda del Padre\">Leer m\u00e1s<\/a><\/p>\n<\/div><\/div>\n<\/div>\n\n\n\n<div class=\"wp-block-column is-layout-flow wp-block-column-is-layout-flow\">\n<div class=\"wp-block-group\"><div class=\"wp-block-group__inner-container is-layout-flow wp-block-group-is-layout-flow\"><div class=\"wp-block-image is-style-default\">\n<figure class=\"aligncenter size-large\"><img loading=\"lazy\" decoding=\"async\" width=\"1024\" height=\"937\" src=\"https:\/\/fundacionicolas.org\/wp-content\/uploads\/2024\/06\/cuenca-casa-yangoe--1024x937.jpg\" alt=\"\" class=\"wp-image-778\" srcset=\"https:\/\/fundacionicolas.org\/wp-content\/uploads\/2024\/06\/cuenca-casa-yangoe--1024x937.jpg 1024w, https:\/\/fundacionicolas.org\/wp-content\/uploads\/2024\/06\/cuenca-casa-yangoe--300x275.jpg 300w, https:\/\/fundacionicolas.org\/wp-content\/uploads\/2024\/06\/cuenca-casa-yangoe--768x703.jpg 768w, https:\/\/fundacionicolas.org\/wp-content\/uploads\/2024\/06\/cuenca-casa-yangoe--350x320.jpg 350w, https:\/\/fundacionicolas.org\/wp-content\/uploads\/2024\/06\/cuenca-casa-yangoe-.jpg 1049w\" sizes=\"(max-width: 767px) 89vw, (max-width: 1000px) 54vw, (max-width: 1071px) 543px, 580px\" \/><\/figure><\/div>\n\n\n<h2 class=\"wp-block-heading has-text-align-left has-black-color has-text-color\" style=\"font-size:30px\">Estamos en Cuenca<\/h2>\n\n\n\n<p class=\"has-text-align-left\"><a href=\"https:\/\/fundacionicolas.org\/?p=855\" title=\"Tenemos Sede en Cuenca\">Leer m\u00e1s<\/a><\/p>\n<\/div><\/div>\n<\/div>\n<\/div>\n\n\n\n<div class=\"wp-block-columns is-layout-flex wp-container-core-columns-is-layout-4 wp-block-columns-is-layout-flex\">\n<div class=\"wp-block-column is-layout-flow wp-block-column-is-layout-flow\">\n<figure class=\"wp-block-image size-large\"><img loading=\"lazy\" decoding=\"async\" width=\"1024\" height=\"771\" src=\"http:\/\/fundacionicolas.org\/wp-content\/uploads\/2024\/06\/IMG-20240513-WA0066-1024x771.jpg\" alt=\"\" class=\"wp-image-825\" srcset=\"https:\/\/fundacionicolas.org\/wp-content\/uploads\/2024\/06\/IMG-20240513-WA0066-1024x771.jpg 1024w, https:\/\/fundacionicolas.org\/wp-content\/uploads\/2024\/06\/IMG-20240513-WA0066-300x226.jpg 300w, https:\/\/fundacionicolas.org\/wp-content\/uploads\/2024\/06\/IMG-20240513-WA0066-768x578.jpg 768w, https:\/\/fundacionicolas.org\/wp-content\/uploads\/2024\/06\/IMG-20240513-WA0066-1536x1156.jpg 1536w, https:\/\/fundacionicolas.org\/wp-content\/uploads\/2024\/06\/IMG-20240513-WA0066-350x263.jpg 350w, https:\/\/fundacionicolas.org\/wp-content\/uploads\/2024\/06\/IMG-20240513-WA0066.jpg 1600w\" sizes=\"(max-width: 767px) 89vw, (max-width: 1000px) 54vw, (max-width: 1071px) 543px, 580px\" \/><\/figure>\n\n\n\n<h2 class=\"wp-block-heading has-black-color has-text-color\" style=\"font-size:45px\">Dia de la Madre<\/h2>\n\n\n\n<p style=\"line-height:3\"><a href=\"https:\/\/fundacionicolas.org\/?p=850\" title=\"D\u00eda de la Madre\">Leer m\u00e1s <\/a><\/p>\n<\/div>\n\n\n\n<div class=\"wp-block-column is-layout-flow wp-block-column-is-layout-flow\">\n<div style=\"height:254px\" aria-hidden=\"true\" class=\"wp-block-spacer\"><\/div>\n\n\n\n<figure class=\"wp-block-image size-large\"><img loading=\"lazy\" decoding=\"async\" width=\"1024\" height=\"1024\" src=\"https:\/\/fundacionicolas.org\/wp-content\/uploads\/2024\/06\/IMG-20240625-WA0004-1024x1024.jpg\" alt=\"\" class=\"wp-image-826\" srcset=\"https:\/\/fundacionicolas.org\/wp-content\/uploads\/2024\/06\/IMG-20240625-WA0004-1024x1024.jpg 1024w, https:\/\/fundacionicolas.org\/wp-content\/uploads\/2024\/06\/IMG-20240625-WA0004-300x300.jpg 300w, https:\/\/fundacionicolas.org\/wp-content\/uploads\/2024\/06\/IMG-20240625-WA0004-150x150.jpg 150w, https:\/\/fundacionicolas.org\/wp-content\/uploads\/2024\/06\/IMG-20240625-WA0004-768x768.jpg 768w, https:\/\/fundacionicolas.org\/wp-content\/uploads\/2024\/06\/IMG-20240625-WA0004-100x100.jpg 100w, https:\/\/fundacionicolas.org\/wp-content\/uploads\/2024\/06\/IMG-20240625-WA0004-250x250.jpg 250w, https:\/\/fundacionicolas.org\/wp-content\/uploads\/2024\/06\/IMG-20240625-WA0004-350x350.jpg 350w, https:\/\/fundacionicolas.org\/wp-content\/uploads\/2024\/06\/IMG-20240625-WA0004.jpg 1080w\" sizes=\"(max-width: 767px) 89vw, (max-width: 1000px) 54vw, (max-width: 1071px) 543px, 580px\" \/><\/figure>\n\n\n\n<h2 class=\"wp-block-heading has-black-color has-text-color\" style=\"font-size:45px\">Taller de Manejo de Duelo Perinatal UDLA<\/h2>\n\n\n\n<p style=\"line-height:3.0\"><a href=\"https:\/\/fundacionicolas.org\/?p=843\" title=\"Taller de Manejo de Duelo Udla\">Leer m\u00e1s <\/a><\/p>\n<\/div>\n<\/div>\n","protected":false},"excerpt":{"rendered":"<p>En esta secci\u00f3n te informamos de las novedades que tenemos para ustedes, como Fundaci\u00f3n Nicol\u00e1s queremos contarte de todos los avances, porque creemos firmemente que al contarte cuanto se avanza vamos a difundir m\u00e1s toda la labor que hacemos d\u00eda a d\u00eda. Aniversario de la Fundaci\u00f3n Nicol\u00e1s Leer m\u00e1s 15 de Octubre Dia del duelo &hellip; <\/p>\n<p class=\"link-more\"><a href=\"https:\/\/fundacionicolas.org\/?page_id=707\" class=\"more-link\">Continuar leyendo<span class=\"screen-reader-text\"> \u00abNoticias\u00bb<\/span><\/a><\/p>\n","protected":false},"author":2,"featured_media":763,"parent":0,"menu_order":0,"comment_status":"closed","ping_status":"closed","template":"","meta":{"om_disable_all_campaigns":false,"_monsterinsights_skip_tracking":false,"_monsterinsights_sitenote_active":false,"_monsterinsights_sitenote_note":"","_monsterinsights_sitenote_category":0,"footnotes":""},"aioseo_notices":[],"_links":{"self":[{"href":"https:\/\/fundacionicolas.org\/index.php?rest_route=\/wp\/v2\/pages\/707"}],"collection":[{"href":"https:\/\/fundacionicolas.org\/index.php?rest_route=\/wp\/v2\/pages"}],"about":[{"href":"https:\/\/fundacionicolas.org\/index.php?rest_route=\/wp\/v2\/types\/page"}],"author":[{"embeddable":true,"href":"https:\/\/fundacionicolas.org\/index.php?rest_route=\/wp\/v2\/users\/2"}],"replies":[{"embeddable":true,"href":"https:\/\/fundacionicolas.org\/index.php?rest_route=%2Fwp%2Fv2%2Fcomments&post=707"}],"version-history":[{"count":24,"href":"https:\/\/fundacionicolas.org\/index.php?rest_route=\/wp\/v2\/pages\/707\/revisions"}],"predecessor-version":[{"id":1007,"href":"https:\/\/fundacionicolas.org\/index.php?rest_route=\/wp\/v2\/pages\/707\/revisions\/1007"}],"wp:featuredmedia":[{"embeddable":true,"href":"https:\/\/fundacionicolas.org\/index.php?rest_route=\/wp\/v2\/media\/763"}],"wp:attachment":[{"href":"https:\/\/fundacionicolas.org\/index.php?rest_route=%2Fwp%2Fv2%2Fmedia&parent=707"}],"curies":[{"name":"wp","href":"https:\/\/api.w.org\/{rel}","templated":true}]}}